 in base 4?
-1100031030
864837 (base 13) to base 16
301818
10442242 (base 5) to base 15
1ca4c
Convert -a09b (base 16) to base 15.
-c2b0
375e48 (base 15) to base 10
2652593
Convert 16567002 (base 8) to base 16.
3aee02
12121201203 (base 4) to base 6
55541443
What is -edb59 (base 15) in base 2?
-10111000010111110000
-11110000110010100 (base 2) to base 15
-267de
What is 5203c2 (base 13) in base 6?
105010140
458808 (base 12) to base 9
2077088
What is -a1736 (base 15) in base 3?
-221222022020
-21112200110220 (base 3) to base 12
-1414113
Convert -217bb8 (base 14) to base 15.
-176710
-3776040 (base 9) to base 10
-2058003
1bca0 (base 16) to base 10
113824
2654878 (base 9) to base 4
11202320300
What is -443122 (base 7) in base 6?
-1400434
Convert 1212200022 (base 5) to base 12.
b55390
Convert 1271760 (base 10) to base 3.
2101121112020
-121122020021 (base 3) to base 10
-327490
Convert -4ba6c (base 15) to base 9.
-407833
Convert -5117152 (base 10) to base 2.
-10011100001010011100000
67ba8 (base 12) to base 6
2543532
Convert 2d5a1 (base 16) to base 3.
100102211001
2574380 (base 9) to base 2
101010111100100110101
172db (base 15) to base 8
222232
What is 52155402 (base 6) in base 10?
1508474
What is c14b2 (base 14) in base 8?
1613444
Convert 138801 (base 12) to base 15.
668e7
Convert -6965205 (base 10) to base 16.
-6a47d5
Convert -2458183 (base 11) to base 5.
-2043141031
What is b4ad9 (base 14) in base 7?
3463162
Convert -1630087 (base 9) to base 7.
-10460635
Convert 2602378 (base 9) to base 5.
330401243
What is 20501c (base 15) in base 2?
101110110111010100100
-21e64 (base 16) to base 3
-21001110200
-185955 (base 12) to base 14
-b0ad3
Convert -20324341 (base 6) to base 8.
-2172045
-1612535 (base 10) to base 6
-54321235
Convert -48464 (base 11) to base 9.
-115627
17370731 (base 8) to base 10
4059609
-3a1073b (base 12) to base 11
-6523142
112201212012 (base 3) to base 14
779b1
-5442a (base 16) to base 13
-c1126
What is 1666a2a (base 14) in base 5?
10304133223
What is 10212103032 (base 4) in base 15?
18c289
What is 2505240 (base 6) in base 10?
133368
What is -20202230331 (base 4) in base 16?
-222b3d
What is 220415 (base 8) in base 7?
425510
-b326a7 (base 13) to base 11
-23a2095
Convert -1ddd8 (base 14) to base 10.
-76826
ab157 (base 12) to base 3
102111210211
-2222650 (base 7) to base 8
-1030451
Convert 33013123 (base 4) to base 8.
170733
753a89 (base 15) to base 11
3172308
Convert -234513 (base 12) to base 3.
-1001211111020
Convert 42421042 (base 5) to base 10.
357647
What is -1504243 (base 8) in base 16?
-688a3
Convert 10100111111000100010 (base 2) to base 6.
22423322
What is 12155160 (base 7) in base 15?
167c09
What is 1021002010010 (base 3) in base 4?
2203300230
What is -14214311 (base 5) in base 7?
-1154503
Convert -5003222 (base 6) to base 4.
-321020132
Convert 3038039 (base 10) to base 8.
13455527
Convert -4659 (base 16) to base 13.
-8274
18534 (base 16) to base 14
2844c
What is -8e5b8 (base 15) in base 2?
-1101110101110101100
What is -b52484 (base 13) in base 4?
-100021100032
Convert -11011011110100010 (base 2) to base 9.
-181341
89b3 (base 13) to base 12
b177
What is -10134311 (base 5) in base 16?
-146fa
What is -15ba710 (base 12) in base 6?
-235540420
-12001001011022 (base 3) to base 16
-28dbe5
Convert -303223242 (base 5) to base 14.
-23d093
What is 3883426 (base 10) in base 12?
137342a
Convert 79201 (base 15) to base 12.
166b01
Convert -212332201 (base 5) to base 9.
-1624487
Convert -8aa5 (base 11) to base 3.
-121102110
-849072 (base 12) to base 15
-2b4078
7692b8 (base 15) to base 13
122ab21
-272880 (base 10) to base 5
-32213010
What is -307055 (base 10) in base 11?
-19a771
Convert 21101510 (base 7) to base 14.
345677
Convert ac6b32 (base 14) to base 15.
7aaa16
What is -223233310 (base 5) in base 4?
-3302122323
What is 35255 (base 11) in base 7?
301224
793653 (base 11) to base 8
4644437
What is -1041011 (base 7) in base 15?
-27c1e
What is -2103aa (base 12) in base 5?
-113101322
3816456 (base 9) to base 12
842689
212113301223 (base 4) to base 12
3451123
-1010101010111001100 (base 2) to base 12
-14a410
Convert 2221000110 (base 3) to base 14.
16dc7
What is 1240404344 (base 5) in base 2?
1011101011000100000110
Convert 2111121010 (base 3) to base 16.
c07e
12820670 (base 10) to base 5
11240230140
6756 (base 11) to base 14
3354
Convert -13620723 (base 9) to base 15.
-8d3916
What is 200222120101011 (base 3) in base 9?
20876334
Convert -45170442 (base 8) to base 11.
-556769a
What is -110011110110011101 (base 2) in base 15?
-42ddb
-12102121101220 (base 3) to base 15
-3c0036
Convert 3556526 (base 7) to base 13.
12a562
What is 2121112212 (base 3) in base 11?
35706
Convert 5a1229 (base 11) to base 16.
e8bb5
What is -154a427 (base 11) in base 2?
-1010000110110001110011
Convert 22111000121022 (base 3) to base 15.
5e09d2
What is -1446165 (base 10) in base 14?
-299057
What is -1276 (base 14) in base 16?
-ca8
20265745 (base 8) to base 4
100112233211
Convert 3354537 (base 10) to base 16.
332fa9
What is -1443496 (base 11) in base 5?
-1113311121
What is -169459 (base 10) in base 5?
-20410314
What is -5eb263 (base 15) in base 4?
-101111030331
a82119 (base 11) to base 7
20465006
c06e56 (base 16) to base 13
27c7231
What is 10013303 (base 4) in base 12?
992b
Convert 327412 (base 10) to base 5.
40434122
-1453165 (base 8) to base 11
-264070
5aa854 (base 11) to base 9
1732085
Convert -85221 (base 9) to base 11.
-39345
-17c682 (base 16) to base 5
-344330041
73308 (base 9) to base 5
3021430
What is -2422210 (base 7) in base 15?
-61464
232230101 (base 4) to base 15
3b9ee
What is -12212000000112 (base 3) in base 9?
-5760015
201202121213 (base 4) to base 3
121112122212212
What is -23034 (base 6) in base 10?
-3262
-20211210002 (base 3) to base 7
-1100504
What is -364417 (base 9) in base 2?
-110101101001111001
What is -526843 (base 12) in base 10?
-1297203
What is 2b2ee (base 15) in base 13?
4b3a1
2244104 (base 5) to base 10
40529
1003311311 (base 4) to base 3
112010011202
Convert 100100111011111 (base 2) to base 9.
27842
What is 15526 (base 9) in base 4?
2212023
-11001211222 (base 3) to base 16
-138d1
-111212221222 (base 3) to base 5
-32221342
1721372 (base 8) to base 15
9d44e
11000110001101000010 (base 2) to base 7
6620613
Convert -10714a (base 12) to base 11.
-169211
-207a339 (base 13) to base 10
-9876070
Convert -1444358 (base 9) to base 13.
-21ba6b
1bda77 (base 14) to base 8
3635371
-111220011023 (base 4) to base 10
-5669195
What is 6129a (base 13) in base 4?
222133030
Convert 30bac (base 14) to base 13.
4167a
Convert -41445243 (base 6) to base 8.
-4457233
What is 657 (base 12) in base 11?
777
bb542 (base 14) to base 4
1232302212
Convert 310825 (base 11) to base 12.
200799
Convert -579411 (base 10) to base 14.
-111227
Convert -1260315 (base 7) to base 11.
-103653
Convert -198791 (base 11) to base 14.
-7cd1d
100111011110011010 (base 2) to base 8
473632
-248943 (base 11) to base 16
-5fd02
-686410 (base 9) to base 8
-1443541
What is -1010011011011 (base 2) in base 4?
-1103123
Convert -14003331 (base 5) to base 16.
-22723
Convert -26a9 (base 16) to base 11.
-7488
-21202010022102 (base 3) to base 12
-1466055
Convert 22031203 (base 4) to base 10.
41827
Convert -2412037 (base 9) to base 10.
-1307131
What is 139b021 (base 12) in base 11?
224a865
-228093 (base 10) to base 16
-37afd
15834785 (base 9) to base 11
4530322
Convert 10222211212 (base 3) to base 7.
445133
-100020020101020 (base 3) to base 8
-22555365
526316 (base 11) to base 10
842903
-29a971b (base 12) to base 8
-40133307
-544201 (base 12) to base 4
-11011300201
Convert -205cc (base 13) to base 2.
-1110001100010111
-332303121020 (base 4) to base 13
-354579b
-91d49 (base 15) to base 13
-132390
12011112202001 (base 3) to base 7
32226553
5222626 (base 7) to base 11
399631
What is -2610602 (base 7) in base 12?
-144105
Convert -41a345 (base 12) to base 8.
-3743145
-344cbc (base 14) to base 11
-10068a5
Convert 2674626 (base 8) to base 12.
303246
Convert -c5a8 (base 14) to base 5.
-2042211
What is 110101111000101110 (base 2) in base 4?
311320232
What is -110010000010010001111 (base 2) in base 13?
-455377
4754b (base 14) to base 15
367e9
Convert -3012121022 (base 4) to base 12.
-332322
245351 (base 8) to base 10
84713
4321394 (bas